rime factors of 1337170965.
3, 5, 13, 139, 49333
List the prime factors of 27274042.
2, 13637021
List the prime factors of 421015426.
2, 13, 433, 37397
What are the prime factors of 91919949?
3, 11, 131, 1933
What are the prime factors of 2203589870?
2, 5, 220358987
List the prime factors of 301226530.
2, 5, 11, 2738423
List the prime factors of 3709419386.
2, 37, 50127289
List the prime factors of 11379118.
2, 331, 17189
List the prime factors of 841557616.
2, 1741, 30211
What are the prime factors of 142715331?
3, 11, 139, 3457
List the prime factors of 14444211.
3, 463, 10399
What are the prime factors of 162252010?
2, 5, 16225201
List the prime factors of 110920623.
3, 11, 953, 3527
List the prime factors of 797752085.
5, 13, 12273109
List the prime factors of 2041825.
5, 23, 53, 67
List the prime factors of 405482519.
13, 37, 367, 2297
What are the prime factors of 2074705978?
2, 4643, 223423
List the prime factors of 3497234282.
2, 101, 919, 18839
List the prime factors of 30397914.
2, 3, 1688773
What are the prime factors of 256927007?
14551, 17657
What are the prime factors of 1001298705?
3, 5, 11, 6068477
What are the prime factors of 192870860?
2, 5, 7, 13, 15139
What are the prime factors of 801656081?
83, 283, 34129
What are the prime factors of 641636776?
2, 11, 7291327
What are the prime factors of 244656212?
2, 149, 410497
List the prime factors of 20529616.
2, 23, 55787
List the prime factors of 112983342.
2, 3, 1033, 18229
List the prime factors of 216431076.
2, 3, 18035923
What are the prime factors of 48326006?
2, 19, 29, 43853
What are the prime factors of 507004988?
2, 7, 18107321
What are the prime factors of 88138267?
7, 757, 16633
List the prime factors of 121525855.
5, 11, 521, 4241
List the prime factors of 442230500.
2, 5, 31, 103, 277
What are the prime factors of 3910925041?
577, 6778033
List the prime factors of 244510859.
977, 250267
What are the prime factors of 1854944781?
3, 67, 1867, 4943
What are the prime factors of 42530495?
5, 7, 1215157
List the prime factors of 28832818.
2, 7, 233, 8839
List the prime factors of 1693401309.
3, 89, 467, 503
What are the prime factors of 32029910?
2, 5, 11, 103, 257
List the prime factors of 465899652.
2, 3, 12941657
What are the prime factors of 563444434?
2, 7, 61, 94253
List the prime factors of 435395050.
2, 5, 109, 79889
List the prime factors of 954786647.
954786647
What are the prime factors of 31308423?
3, 2551, 4091
What are the prime factors of 1434057279?
3, 29, 47, 350711
List the prime factors of 190574370.
2, 3, 5, 7, 19, 29, 61
List the prime factors of 285400513.
29, 9841397
List the prime factors of 879027503.
879027503
What are the prime factors of 488823549?
3, 73, 2232071
What are the prime factors of 1410281774?
2, 11, 29, 2210473
What are the prime factors of 89730320?
2, 5, 1121629
List the prime factors of 81597052.
2, 41, 647, 769
What are the prime factors of 431197512?
2, 3, 127, 193, 733
List the prime factors of 576214399.
331, 1740829
What are the prime factors of 109957804?
2, 11, 2499041
What are the prime factors of 7751758?
2, 7, 29, 61, 313
What are the prime factors of 99117099?
3, 29, 307, 1237
List the prime factors of 301259269.
19, 67, 236653
List the prime factors of 2224042753.
23, 96697511
What are the prime factors of 44728126?
2, 1871, 11953
What are the prime factors of 656212511?
223, 2942657
What are the prime factors of 24176608?
2, 439, 1721
What are the prime factors of 69957593?
5021, 13933
List the prime factors of 59262070.
2, 5, 7, 120943
List the prime factors of 130073494.
2, 17, 3825691
List the prime factors of 2037356488.
2, 29, 8781709
List the prime factors of 149911460.
2, 5, 7495573
What are the prime factors of 736616222?
2, 17, 21665183
List the prime factors of 607635986.
2, 303817993
List the prime factors of 1110111060.
2, 3, 5, 18501851
What are the prime factors of 4298778367?
13, 19, 359, 48479
List the prime factors of 1791060200.
2, 5, 71, 126131
List the prime factors of 3470169880.
2, 5, 17, 19, 337, 797
List the prime factors of 1045940910.
2, 3, 5, 7, 4980671
List the prime factors of 188047648.
2, 41, 143329
List the prime factors of 1747429609.
17, 59, 257, 6779
List the prime factors of 2497904190.
2, 3, 5, 23, 402239
What are the prime factors of 165739403?
23, 313307
List the prime factors of 69902934.
2, 3, 23, 29, 17467
List the prime factors of 834640359.
3, 7, 109, 163, 2237
What are the prime factors of 1738461371?
23, 75585277
What are the prime factors of 3007786903?
11, 739, 33637
What are the prime factors of 562113869?
562113869
List the prime factors of 148635052.
2, 37158763
What are the prime factors of 922243660?
2, 5, 13, 19, 186689
What are the prime factors of 22664474?
2, 7, 1618891
What are the prime factors of 93943242?
2, 3, 53, 98473
What are the prime factors of 5684520214?
2, 17, 167191771
What are the prime factors of 62406153?
3, 23, 100493
What are the prime factors of 6968833?
443, 15731
List the prime factors of 125302937.
17, 199, 37039
What are the prime factors of 1159925508?
2, 3, 7, 227, 751
What are the prime factors of 2297053189?
2297053189
List the prime factors of 27737364.
2, 3, 167, 13841
What are the prime factors of 7853362?
2, 11, 487, 733
List the prime factors of 79823437.
43, 47, 127, 311
What are the prime factors of 37735287?
3, 12578429
What are the prime factors of 385323826?
2, 192661913
List the prime factors of 90410521.
619, 146059
List the prime factors of 718372633.
11, 73, 894611
List the prime factors of 1422124311.
3, 474041437
What are the prime factors of 1264173078?
2, 3, 7, 4373, 6883
What are the prime factors of 330787993?
4919, 67247
What are the prime factors of 615333305?
5, 151, 229, 3559
List the prime factors of 117849878.
2, 4177, 14107
List the prime factors of 453470172.
2, 3, 17, 2222893
List the prime factors of 665406644.
2, 7, 23764523
List the prime factors of 43794972.
2, 3, 13, 31193
What are the prime factors of 2950646456?
2, 3259, 113173
What are the prime factors of 33675835?
5, 263, 25609
List the prime factors of 843353165.
5, 109, 1547437
What are the prime factors of 72477541?
72477541
List the prime factors of 84739826.
2, 571, 74203
What are the prime factors of 51624415?
5, 331, 31193
What are the prime factors of 675559627?
43, 15710689
List the prime factors of 287692833.
3, 43, 2230177
List the prime factors of 414910255.
5, 191, 434461
List the prime factors of 1047959984.
2, 65497499
What are the prime factors of 183823313?
183823313
What are the prime factors of 713660662?
2, 11, 13, 37, 6131
List the prime factors of 177911803.
101, 1761503
What are the prime factors of 225485875?
5, 17, 29, 3659
What are the prime factors of 197491392?
2, 3, 7, 29, 563
What are the prime factors of 159884182?
2, 379, 210929
List the prime factors of 265280799.
3, 7, 601, 21019
List the prime factors of 873008541.
3, 127, 763787
What are the prime factors of 258099402?
2, 3, 11, 3910597
List the prime factors of 387434543.
41, 9449623
What are the prime factors of 802984482?
2, 3, 14870083
List the prime factors of 38860496.
2, 2428781
What are the prime factors of 3531999542?
2, 1765999771
List the prime factors of 68918616.
2, 3, 13, 29, 2539
What are the prime factors of 649235323?
11, 59021393
What are the prime factors of 807720121?
13, 317, 15077
What are the prime factors of 51392044?
2, 11, 1168001
What are the prime factors of 6478830709?
13, 31, 16076503
List the prime factors of 150634280.
2, 5, 17, 19, 89, 131
What are the prime factors of 2796599788?
2, 699149947
List the prime factors of 1789463846.
2, 894731923
What are the prime factors of 116428720?
2, 5, 1455359
List the prime factors of 113904497.
7, 421, 38651
What are the prime factors of 155549515?
5, 11, 2828173
List the prime factors of 33009832.
2, 1061, 3889
What are the prime factors of 6365312?
2, 223
List the prime factors of 107888373.
3, 283, 42359
What are the prime factors of 92520906?
2, 3, 15420151
What are the prime factors of 1055466428?
2, 263866607
List the prime factors of 664750428.
2, 3, 61, 908129
List the prime factors of 390607304.
2, 48825913
List the prime factors of 1006517779.
1006517779
List the prime fac